w) = w**2 - 3866*w - 1800106. Give b(-420).
14
Let g(r) = 13*r**3 - 2847*r**2 - 2*r + 151. Determine g(219).
-287
Let y(d) = -d**2 - 3312*d - 2789. Give y(0).
-2789
Let s(r) = 115*r**2 - 313*r - 4. Calculate s(3).
92
Let s(i) = -i**3 + 4*i**2 + 46*i - 349. Give s(15).
-2134
Let t(u) = -8805*u**2 + 44008*u + 74. Give t(5).
-11
Let y(q) = -q**3 - 104*q**2 - 299*q - 42431. Calculate y(-105).
-11
Let s(c) = -3441*c + 27698. Determine s(8).
170
Let n(x) = 17*x**3 + 292*x**2 + 48*x - 53. What is n(-17)?
-2
Let y(v) = v**3 + 11*v**2 - 219*v - 2123. Determine y(-9).
10
Let y(q) = 32*q**2 - 122*q - 1019. Calculate y(-4).
-19
Let j(f) = -2881*f - 437914. Determine j(-152).
-2
Let b(m) = 27*m**2 - 797*m - 1594. What is b(-2)?
108
Let a(y) = 437*y + 23546. Give a(-53).
385
Let f(w) = 8666*w + 2105866. Give f(-243).
28
Let m(x) = 14849*x + 2108585. Give m(-142).
27
Let j(x) = -757*x + 104457. Give j(138).
-9
Let h(q) = -20*q**3 - 12*q**2 - 17*q - 4. Determine h(-3).
479
Let o(a) = a**3 + 24*a**2 - 191*a - 3689. Calculate o(-26).
-75
Let u(z) = -z**3 + 3*z**2 - 35818*z + 286871. Determine u(8).
7
Let p(x) = x**2 - 8*x - 1474. Give p(-29).
-401
Let f(k) = 23*k**2 - 992*k + 8550. Calculate f(12).
-42
Let d(b) = 2*b**3 + 259*b**2 + 817*b + 23104. Determine d(-127).
-10
Let h(m) = 2*m**3 + 49*m**2 - 675*m - 8425. Determine h(-31).
7
Let f(d) = 5*d**3 + 113*d**2 + 89*d - 514. Determine f(-21).
1145
Let a(y) = y**3 + 59*y**2 + 56*y - 108. Determine a(-58).
8
Let v(d) = d**2 + 966*d + 208946. Give v(-327).
-7
Let w(n) = -461*n**2 - 8393*n - 1690. Give w(-18).
20
Let v(z) = 282*z**2 + 83889*z + 40094. Calculate v(-297).
-1
Let h(c) = -c**3 - 542*c**2 + 6130*c + 26015. Give h(-553).
24
Let j(k) = 316*k + 16815. What is j(-51)?
699
Let j(c) = 157257*c - 2516111. Determine j(16).
1
Let q(r) = r**3 + 57*r**2 - 97*r - 33. Determine q(-59).
-1272
Let i(n) = 48*n**3 + 206*n**2 + 11. Give i(-4).
235
Let c(v) = -2*v**2 - 195*v - 3757. Calculate c(-20).
-657
Let s(u) = u**2 + 226*u + 12277. Give s(-142).
349
Let b(a) = 60*a**2 - 2878*a - 124. What is b(48)?
-28
Let o(w) = -25*w**2 + 10835*w + 322986. Determine o(-28).
6
Let g(q) = q**2 - 36857*q + 589447. What is g(16)?
-9
Let u(j) = 28*j**2 + 241*j - 30. Calculate u(-12).
1110
Let g(i) = -2*i**2 - 3436*i + 336921. Calculate g(93).
75
Let p(f) = f**2 - 7814*f - 109438. Give p(-14).
154
Let t(l) = 22*l**3 + 47*l**2 + 89*l - 3. Give t(-2).
-169
Let y(w) = -1334*w**2 + 38*w + 6. Determine y(-1).
-1366
Let b(t) = -1841*t - 37. What is b(1)?
-1878
Let h(k) = 48*k**3 + 3*k**2 + 18*k - 41. Give h(2).
391
Let h(z) = -z**3 + 852*z**2 - 53280*z - 25081. Calculate h(784).
7
Let q(c) = 25*c**2 + 212*c + 204. Determine q(-1).
17
Let u(d) = d**3 + 26*d**2 - 283*d - 49. Determine u(-34).
325
Let u(z) = -3*z**2 - 387*z - 12483. Give u(-66).
-9
Let g(i) = -5*i**3 + 427*i**2 - 26*i - 12054. Calculate g(85).
186
Let p(t) = t**3 - 108*t**2 + 2234*t + 124. Determine p(28).
-44
Let p(y) = -16*y + 470. Calculate p(69).
-634
Let d(u) = 26*u**2 + 135*u - 142. Calculate d(1).
19
Let d(j) = 34*j**3 - 20*j**2 + 93*j - 106. Determine d(3).
911
Let y(r) = r**3 - 1901*r**2 - 6244*r + 4639508. Determine y(1903).
-6
Let v(q) = -11*q**2 - 357*q - 239. What is v(-30)?
571
Let t(y) = 3321*y + 6785. Give t(-2).
143
Let j(l) = -2785*l - 192041. What is j(-69)?
124
Let x(q) = -110*q + 23308. Calculate x(213).
-122
Let n(j) = 419801*j - 25. Give n(0).
-25
Let k(h) = -755*h + 306377. Determine k(406).
-153
Let c(j) = 2*j**3 - 499*j**2 - 6001*j - 577. What is c(261)?
-55
Let t(o) = -22556*o - 924748. Calculate t(-41).
48
Let l(c) = 3*c**2 - 24802*c + 148797. Calculate l(6).
93
Let p(d) = 3*d**2 + 668*d + 3393. Determine p(-218).
341
Let j(q) = 5*q**2 + 60*q + 424. Calculate j(-9).
289
Let p(u) = 921*u**2 + 96*u - 95. Determine p(1).
922
Let m(z) = -35*z + 3984. Calculate m(101).
449
Let c(l) = -2650*l + 34497. Give c(13).
47
Let k(i) = -13*i**3 + 53*i**2 - 330*i + 1287. Calculate k(4).
-17
Let k(o) = 8251*o - 503330. Give k(61).
-19
Let l(y) = -531*y**3 + 4754*y**2 + 241*y - 141. Calculate l(9).
3
Let z(y) = 81*y - 9372. What is z(127)?
915
Let g(v) = v**2 + 204*v - 16552. Give g(60).
-712
Let y(q) = 473*q - 208029. Give y(441).
564
Let s(f) = -3*f**2 + 28*f - 68. Give s(3).
-11
Let r(c) = -3*c**2 + 3173*c + 128303. What is r(-39)?
-7
Let q(s) = 706*s + 65464. What is q(-93)?
-194
Let m(q) = -4182*q - 1078956. Give m(-258).
0
Let d(a) = 10754826*a - 107548265. Calculate d(10).
-5
Let g(k) = k**3 - 1310*k**2 + 6*k - 7862. Calculate g(1310).
-2
Let y(d) = 7972*d - 52019. What is y(7)?
3785
Let u(y) = -y**2 + 23454*y - 23780310. Determine u(1062).
-6
Let n(s) = -15277*s - 122211. Determine n(-8).
5
Let z(h) = h**3 - 8*h**2 + 255*h - 3214. What is z(12)?
422
Let b(z) = -331*z**3 + 62888*z**2 + 379*z + 23. Calculate b(190).
-167
Let u(b) = -36841*b + 699984. Calculate u(19).
5
Let c(w) = -281*w + 1190. Determine c(14).
-2744
Let o(m) = m**3 + 8*m**2 + 214*m + 2329. What is o(-10)?
-11
Let f(g) = 62*g**3 + 51027*g**2 + 823*g + 13. What is f(-823)?
13
Let v(n) = -6*n**2 - 991*n - 15418. Calculate v(-18).
476
Let o(l) = 10*l**3 - 6*l**2 + 800*l + 808. Give o(-1).
-8
Let j(a) = a**2 + 17*a - 2483. Determine j(-53).
-575
Let r(p) = -p**3 - 81*p**2 - 1425*p + 284. Calculate r(-55).
9
Let u(p) = -2*p**3 + 2067*p**2 + 3097*p + 8291. Calculate u(1035).
11
Let b(q) = -776*q - 28503. What is b(-36)?
-567
Let v(k) = 195*k**2 + 1032*k - 31. What is v(-6)?
797
Let w(h) = -5*h**3 - 103*h**2 + 131*h + 1918. What is w(-21)?
49
Let m(t) = 24*t**3 - 286*t**2 - 40*t + 187. What is m(12)?
-5
Let o(u) = u**3 + 57*u**2 - 2522*u + 2466. Give o(1).
2
Let j(w) = 40*w**2 - 1138*w + 529. Give j(28).
25
Let v(c) = 259750*c + 2337744. Determine v(-9).
-6
Let d(n) = -650*n + 239204. What is d(368)?
4
Let v(l) = l**3 + 45*l**2 - 96*l + 16. Give v(-47).
110
Let a(k) = -617*k + 103117. Determine a(167).
78
Let g(s) = -381*s**2 + 3819*s - 3814. What is g(1)?
-376
Let j(g) = -18*g**2 - 191*g + 1161. Give j(6).
-633
Let r(q) = -59684*q - 954952. Determine r(-16).
-8
Let q(h) = -43152*h + 1898687. What is q(44)?
-1
Let x(w) = -2*w**3 - 143*w**2 + 424*w + 305. Calculate x(-74).
-3691
Let l(b) = b**3 + 49*b**2 - 137*b - 1720. Give l(-51).
65
Let w(o) = -2*o**2 + 12094*o + 48427. Calculate w(-4).
19
Let h(g) = 7231*g**2 - 28899*g - 92. Determine h(4).
8
Let q(y) = -y**3 - 106*y**2 - 2123*y + 11900. Determine q(-76).
-32
Let n(i) = 116620*i - 6647351. Calculate n(57).
-11
Let p(f) = -f**3 + 151*f**2 - 65*f - 12738. Determine p(150).
12
Let d(k) = -2*k**3 - 33*k**2 + 562*k + 8984. What is d(-17)?
-281
Let n(x) = -x**2 + 1348*x - 6733. Give n(5).
-18
Let k(q) = 132973*q + 17286486. What is k(-130)?
-4
Let l(u) = 655*u - 57172. Give l(87).
-187
Let m(f) = -39*f**2 - 12*f - 13. Calculate m(-1).
-40
Let l(b) = 3*b**3 - 683*b**2 + 1118*b + 1002. Give l(226).
-1710
Let k(h) = 4*h**2 - 408*h - 595. What is k(109)?
2457
Let m(x) = 14*x**3 + 31*x**2 - 19*x - 570. What is m(4)?
746
Let i(r) = -r**2 + 695*r + 113154. What is i(-136)?
138
Let g(u) = -u**3 - 79*u**2 + 90*u + 332. Give g(-80).
-468
Let p(v) = -v**3 - 14*v**2 - 155*v + 2102. Give p(7).
-12
Let y(k) = k**3 + 16*k**2 - 52*k - 808. Calculate y(-18).
-520
Let d(a) = -47*a**3 - 656*a**2 - 343*a - 5196. Give d(-14).
-2
Let k(a) = 125*a**2 + 1012*a + 1. Determine k(-8).
-95
Let o(u) = 10321*u - 5418499. Give o(525).
26
Let o(a) = -13*a**2 - 2091*a - 24721. What is o(-148)?
-5
Let n(q) = 626*q + 3138. Give n(-5).
8
Let b(z) = -980*z + 25376. Give b(26).
-104
Let r(g) = 11468*g + 1146686. Calculate r(-100).
-114
Let u(c) = -6*c**2 - 4461*c + 22283. Determine u(5).
-172
Let u(a) = -400*a + 16732. Determine u(41).
332
Let b(k) = 3*k**2 + 4489*k - 13503. What is b(3)?
-9
Let b(l) = 8092779*l - 16185560. Calculate b(2).
-2
Let p(n) = 166*n - 4664. Give p(37).
1478
Let v(s) = -7163*s - 93091. What is v(-13)?
28
Let y(o) = 3*o**2 + 1485*o - 5957. Give y(4).
31
Let q(c) = -6*c**3 + 11*c**2 - 355*c + 2175. Determine q(7).
-1829
Let v(z) = -78*z - 19645. Determine v(-248).
-301
Let l(g) = -8668*g + 23941. Determine l(3).
-2063
Let g(q) = -q**2 - 13278*q - 145902. What is g(-11)?
35
Let d(p) = -7346*p - 36867. Calculate d(-5).
-137
Let b(r) = 26*r**2 - 1004*r - 11. Give b(38